Calculate s(1).
3
Let f(p) = p**2 + 507*p - 2051. Calculate f(-511).
-7
Let p(x) = -196*x + 19580. Calculate p(101).
-216
Let k(a) = -13*a**2 - 155*a - 115. Calculate k(-10).
135
Let g(w) = 47428*w + 237024. What is g(-5)?
-116
Let j(v) = 86*v - 515. Determine j(-10).
-1375
Let s(z) = -3672*z + 257044. Give s(70).
4
Let j(o) = -o**3 - 106*o**2 - 1375*o - 904. Determine j(-91).
6
Let s(k) = 7*k**2 + 749*k - 2069. Give s(-110).
241
Let z(q) = -q**3 + 242*q**2 + 4668*q + 3078. Give z(260).
-42
Let o(v) = -151158*v + 151163. Calculate o(1).
5
Let f(r) = 45*r - 1703. Determine f(44).
277
Let u(i) = -2228*i + 8550. What is u(4)?
-362
Let c(g) = 270854*g - 8938180. What is c(33)?
2
Let p(u) = -18943*u - 2633071. What is p(-139)?
6
Let g(r) = -r**3 - 162*r**2 - 5232*r - 5014. Determine g(-118).
-294
Let g(l) = -l**3 - 37*l**2 - 301*l + 510. Calculate g(-15).
75
Let u(w) = -5*w**3 + 17*w**2 + 269*w - 1025. Give u(7).
-24
Let a(v) = 579735*v + 4637860. Calculate a(-8).
-20
Let f(j) = j**3 + 69*j**2 + 1018*j + 495. Calculate f(-48).
15
Let v(c) = -c**3 + 116*c**2 + 369*c - 1388. Calculate v(119).
40
Let i(j) = -14744*j - 1341670. What is i(-91)?
34
Let w(k) = -k**3 + 17*k**2 + 701*k - 5647. Give w(33).
62
Let v(x) = 6*x**2 - 109*x - 927. Calculate v(-9).
540
Let j(p) = p**3 - 45*p**2 - 1686*p + 76112. Give j(44).
-8
Let p(a) = a**3 - 286*a**2 - 5471*a - 300. Give p(304).
4
Let h(x) = 150373*x - 451127. Give h(3).
-8
Let y(j) = -14*j**2 + 2238*j + 491. What is y(160)?
171
Let n(s) = 8*s**2 - 99*s + 209. Determine n(10).
19
Let j(t) = t**2 + 154605*t + 6955193. Give j(-45).
-7
Let i(m) = m**3 - 60*m**2 - 63*m - 3465. What is i(62)?
317
Let k(o) = o**2 + 3161*o + 1853975. Give k(-778).
1
Let t(k) = -k**3 + 178*k**2 + 73870*k + 1892. Calculate t(375).
17
Let c(s) = s**3 - 837*s**2 + 4129*s + 25823. Give c(832).
31
Let u(w) = -68642*w + 67388. Give u(1).
-1254
Let w(o) = -27*o**3 - 635*o**2 - 320*o - 80. What is w(-23)?
-126
Let r(z) = -15195*z + 2051325. What is r(135)?
0
Let p(w) = -894*w**2 - 568588*w - 2555. Give p(-636).
-11
Let h(x) = 591*x - 28673. Determine h(47).
-896
Let j(k) = 6*k**3 - 134*k**2 - 401*k - 266. What is j(-1)?
-5
Let t(g) = -g**3 + 111*g**2 - 2193*g - 156. Give t(26).
286
Let j(k) = 131*k - 2526. What is j(12)?
-954
Let l(j) = -2232532*j + 140649519. What is l(63)?
3
Let u(p) = -168*p - 3869. What is u(-13)?
-1685
Let d(s) = 70*s + 3114. Determine d(-54).
-666
Let m(w) = -40*w - 10279. What is m(-243)?
-559
Let x(n) = -n**2 + 350*n - 4053. Determine x(338).
3
Let h(c) = c**3 + 19*c**2 - 6127*c - 127788. Determine h(-21).
-3
Let m(g) = -4*g**3 + 91*g**2 + 63*g - 917. Calculate m(23).
3
Let s(c) = -c**2 - 21*c + 8531. Calculate s(-100).
631
Let b(r) = -150*r**2 + 2815*r - 3. Give b(18).
2067
Let i(y) = -72*y - 175. Give i(3).
-391
Let f(o) = -3*o**2 + 859*o + 20649. Calculate f(-23).
-695
Let l(b) = -162*b**3 + 7*b**2 - 8*b + 5. Give l(1).
-158
Let t(p) = 3*p**3 + 89*p**2 + 388*p + 14. Give t(-4).
-306
Let h(o) = o**2 + 13844*o + 427887. Give h(-31).
-316
Let y(t) = t**3 + 29*t**2 + 166*t + 547. Give y(-24).
-557
Let f(y) = -3*y**3 - 43485*y**2 - 86960*y + 1. What is f(-2)?
5
Let l(h) = 10948*h + 87585. Calculate l(-8).
1
Let c(m) = m**2 - 593*m - 46408. What is c(-70)?
2
Let g(y) = -y**3 + 22*y**2 + 114*y + 154. Calculate g(26).
414
Let q(s) = 180*s**2 - 38538*s - 73880. Give q(216).
-8
Let i(n) = -n**2 - 52*n + 196. Calculate i(-61).
-353
Let g(z) = 9150*z + 146498. Give g(-16).
98
Let h(p) = -26856*p + 80531. Determine h(3).
-37
Let y(d) = d**3 + 628*d**2 - 444*d - 671505. Give y(-627).
12
Let s(i) = i**3 + 50*i**2 + 337*i + 5130. Give s(-45).
90
Let m(l) = -2*l**2 + 223*l - 3134. What is m(18)?
232
Let d(b) = -22*b**2 - 1867*b + 311. What is d(-85)?
56
Let n(a) = a**3 + 264*a**2 + 10322*a - 9833. What is n(-216)?
103
Let i(f) = 5*f**3 + 38*f**2 - 168*f - 1236. Calculate i(-8).
-20
Let l(v) = 480232*v + 960529. What is l(-2)?
65
Let f(a) = -137009*a + 548041. Give f(4).
5
Let a(t) = -2*t**2 - 10589*t + 1377046. Determine a(127).
-15
Let u(i) = i**3 - 35*i**2 + 102*i - 31309. Calculate u(47).
-7
Let n(q) = 320*q**2 - 3952*q + 1353. Calculate n(12).
9
Let i(u) = -8*u**2 + 177*u + 26. Give i(-6).
-1324
Let k(v) = 3246543*v + 12986194. Give k(-4).
22
Let a(t) = 7101*t - 91470. Give a(13).
843
Let g(m) = 10987*m + 2867597. Give g(-261).
-10
Let g(o) = 2*o**3 - 53*o**2 - 304*o + 392. Give g(31).
-383
Let z(f) = -55*f**2 - 3553*f + 15104. What is z(4)?
12
Let h(o) = 24*o**2 + 2253*o - 223. Give h(-94).
59
Let v(p) = 3*p**3 + 322*p**2 - 21196*p + 1655. Calculate v(46).
-1
Let z(n) = 3*n**2 + 61*n - 166. Calculate z(-8).
-462
Let h(j) = -3*j**3 + 14*j**2 - 82*j + 607. Determine h(7).
-310
Let z(f) = f**3 + 17*f**2 + 14*f + 253. What is z(-13)?
747
Let n(s) = 3584*s**2 - 3877885*s - 3251. Give n(1082).
-5
Let w(y) = y**3 - 126*y**2 - 1054*y - 1551. Determine w(-6).
21
Let u(w) = 752*w + 3824. Calculate u(-5).
64
Let j(m) = 2*m**2 - 17690*m + 35371. Determine j(2).
-1
Let w(s) = 18301*s - 91500. What is w(5)?
5
Let i(w) = -686*w - 26100. Give i(-41).
2026
Let o(h) = -h**3 + 209*h**2 + 646*h - 2176. Determine o(212).
-56
Let q(k) = k**3 - 30*k**2 + 1446*k - 41102. Determine q(29).
-9
Let l(u) = -55*u**3 + 34*u**2 - 64*u - 195. Calculate l(-3).
1788
Let m(j) = j**3 - 6*j**2 - 267*j + 819. Calculate m(20).
1079
Let z(w) = -81139*w + 406081. Calculate z(5).
386
Let v(p) = 43*p**2 - 4511*p - 404. Calculate v(105).
16
Let p(y) = 75*y**2 - 449*y - 900. Give p(-2).
298
Let p(r) = -12065*r + 265708. Calculate p(22).
278
Let p(g) = g**2 + 15553*g + 108812. Give p(-7).
-10
Let a(p) = -p**2 - 37294*p - 8303690. Calculate a(-224).
-10
Let b(j) = -3*j**2 + 759354*j - 3796703. Give b(5).
-8
Let t(h) = -7*h**2 - 949*h + 2389. Calculate t(-138).
43
Let i(t) = t**3 - 244*t**2 + 222*t + 340566. Give i(237).
-3
Let g(p) = p**2 - 1882*p + 180042. What is g(101)?
161
Let n(h) = -288*h**2 + 235*h + 437. What is n(-3)?
-2860
Let n(j) = j**2 - 1565*j - 427068. Give n(-237).
6
Let h(l) = 10*l**2 - 6779*l + 336330. Give h(624).
-6
Let h(i) = -2*i**3 + 73*i**2 - 538*i + 21194. Calculate h(37).
-81
Let u(r) = -995*r - 45627. What is u(-46)?
143
Let s(r) = -710*r - 35270. Determine s(-50).
230
Let d(z) = z**3 - 76*z**2 + 425*z - 6. What is d(6)?
24
Let s(l) = l**2 + 11546*l - 57813. Determine s(5).
-58
Let b(r) = r**2 + 100*r + 1736. Determine b(-72).
-280
Let l(x) = x**3 + 45*x**2 - 222*x - 18653. Calculate l(-26).
-37
Let g(i) = -309*i**2 - 18*i + 19. Determine g(5).
-7796
Let j(n) = 37683*n + 150744. What is j(-4)?
12
Let c(b) = 1160*b - 9340. Determine c(8).
-60
Let n(d) = 2*d**2 - 28*d + 475. What is n(12)?
427
Let c(a) = 9205*a + 18363. Calculate c(-2).
-47
Let v(s) = -1448*s - 79635. What is v(-55)?
5
Let o(w) = 8*w**3 + 571*w**2 + 220*w + 421. Give o(-71).
-76
Let m(s) = 408*s**2 - 15*s - 7. What is m(-2)?
1655
Let d(r) = 441247*r + 8383699. Determine d(-19).
6
Let y(o) = 277*o**2 - 6639*o - 220. Calculate y(24).
-4
Let o(c) = 4*c**3 + 10*c**2 - 47*c - 304. Determine o(-5).
-319
Let x(q) = -537*q**2 + 98270*q - 535. Calculate x(183).
-718
Let i(d) = 375*d + 49907. Calculate i(-133).
32
Let o(u) = u**3 - 67*u**2 - 200*u + 30. Calculate o(-3).
0
Let a(u) = 655*u - 12394. Give a(19).
51
Let w(y) = 115*y**2 - 1030*y - 44. Calculate w(9).
1
Let q(k) = -4*k**3 - 13*k**2 - 70*k - 56. Calculate q(-3).
145
Let x(l) = 18*l**3 - 182*l**2 - 4*l - 106. Determine x(8).
-2570
Let q(v) = -10919*v + 54532. What is q(5)?
-63
Let t(v) = -v**3 + 31*v**2 - 669*v + 21581. Calculate t(31).
842
Let s(p) = p**3 - 16*p**2 - 257*p - 172. Determine s(26).
-94
Let g(u) = 34738*u + 138954. Give g(-4).
2
Let v(g) = g**2 + 2053*g + 921608. Give v(-663).
38
Let r(j) = 221*j - 246. Determine r(0).
-246
Let h(l) = -5*l**3 + 15*l**2 - 69*l + 117. Calculate h(4).
-239
Let t(r) = 21*r**2 - 3481*r - 69. Give t(166).
761
Let q(h) = -8181*h + 6724739. Give q(822).
-43
Let z(c) = 11*c**2 + 1330*c + 9933. Determine z(-8).
-3
Let r(i) = -7*i**3 - 7*i**2 - 12*i + 64. Give r(-6).
1396
Let k(i) = 2*i**3 - 22*i**2 - 90*i - 1136. Determine k(16).
-16
Let j(o) = -10*o**3 + o**2 - 11590*o - 11593. Determine j(-1).
8
Let y(h) = -3*h**2 - 1875*h - 60293. Give y(-591).
-11
Let f(o) = -4*o**2 + 24*o + 261. Calculat